) = p**3 + 7 + 1 + 9*p - 15 + x - 9*p**2. What are the prime factors of s(8)?
2, 3
Let i(n) = -n**3 + 20*n**2 - 20*n + 16. Let u be i(19). What are the prime factors of 42/((1 - u) + -3)?
2, 3, 7
Let f(g) = g + 8. Let r be f(5). Let x = -9 + r. List the prime factors of (-22 - -8)*(-14)/x.
7
Let b = -211 + 254. What are the prime factors of b?
43
What are the prime factors of (87 - 85)/((-5)/(3830/(-4)))?
383
List the prime factors of -1*(-239 - (5 - 11)).
233
Let d = 84 - 48. Let v = 51 + d. What are the prime factors of v?
3, 29
Let u(n) = 16*n**2 - 5*n - 11. List the prime factors of u(-7).
2, 101
Suppose -10 + 6 = -4*s. List the prime factors of 29 + (-1 - 2)*s.
2, 13
Suppose 25 = -i + 2*t + 679, -1305 = -2*i + t. What are the prime factors of i?
2, 163
Let w = 1689 + 267. List the prime factors of w.
2, 3, 163
Let f be (-278)/4 - 7/(-14) - 4. Let j = 205 + f. What are the prime factors of j?
2, 3, 11
Let s be 267/(-9) - 5 - (-4)/6. Let w = s - -47. List the prime factors of w.
13
Let k = 43 + -65. Let j = k - -36. What are the prime factors of j*1 + (2 - 0)?
2
Let q(i) = -i**2 - 5*i + 2. Let p be q(-5). Suppose -8 = k - p*k. Suppose 4*j = 96 + k. List the prime factors of j.
2, 13
Let h(v) = 3*v**2 + 17*v - 9. List the prime factors of h(-13).
277
Let w = -987 + 1719. List the prime factors of w.
2, 3, 61
Let d(j) be the second derivative of j**5/15 - j**3/6 + j**2 + 5*j. Let m(a) be the first derivative of d(a). List the prime factors of m(-2).
3, 5
Suppose -3*l - m = -623, 4*l = 9*l - 3*m - 1015. List the prime factors of l.
2, 103
Let k(x) = -x + 13. Let u be k(-2). Suppose 148 = 19*j - u*j. What are the prime factors of j?
37
Let u(q) = 6*q + 41. Let k be u(0). Suppose -2*y + 115 = -3*r, y - k = -5*r + 49. List the prime factors of y.
5, 13
Suppose -5*x - 20 = 5*n, 27 = -8*n + 3*n + 2*x. Let p(c) = -c**2 - 12*c - 10. What are the prime factors of p(n)?
5
List the prime factors of 24/4*-1 + 8905/5.
5, 71
Suppose -5*a + 2*c = 4*c - 5211, 5*a - c - 5202 = 0. What are the prime factors of a?
3, 347
Let u be -3 - ((6 - -2)/(-2) + -1). What are the prime factors of u/(-10) - (-3396)/30?
113
Let w be 1*115 - 10/5. Suppose 5*p - 4*k = w, 5*k + 44 = 4*p - 50. What are the prime factors of p?
3, 7
Let d(u) = -u**3 - u**2 - u + 172. Let f be d(0). Suppose 0*x + 4*x - f = 0. What are the prime factors of x?
43
Suppose -5*z + 7*t + 30 = 2*t, 3*z = 4*t + 21. Let d(a) = 13*a**z - 2*a**2 + 11*a**3 + 36*a**3 + 3*a**2. What are the prime factors of d(1)?
61
Let h(o) = -7 + 28*o + 4*o**2 - 10*o - 15*o. What are the prime factors of h(-4)?
3, 5
Suppose -6*d = -4087 + 787. List the prime factors of d.
2, 5, 11
Let g(f) = 17*f. Let k be g(-2). Let i = k - -50. What are the prime factors of i/(-32) + (-17)/(-2)?
2
Let a(b) = b**3 + 9*b**2 + 8*b + 9. Suppose -6*x + 18 = -9*x. Let w be a(x). Suppose 3*l + l + j = w, -87 = -4*l + 5*j. What are the prime factors of l?
2, 3
What are the prime factors of -4 + (-4)/(-10) + (-943)/(-5)?
5, 37
What are the prime factors of (-84)/21 + 405 + 2?
13, 31
Let o be -2*(-1)/(-4)*-6. Let q = -306 + 451. Suppose q = 5*n - o*d, 0 = 3*d - 8*d. List the prime factors of n.
29
Suppose 0 = -52*j + 48*j + 2416. What are the prime factors of j?
2, 151
Suppose -l + 1475 = 4*b, 0*b + 7315 = 5*l + 5*b. What are the prime factors of l?
1459
Let j(q) = -q**3 - 8*q**2 + 11*q + 16. Let f be j(-9). List the prime factors of 34/((-1)/f - (-18)/12).
17
Suppose -4*c - 2 + 2 = 0. Suppose a - 479 = -4*a + y, a - 2*y - 103 = c. List the prime factors of a.
5, 19
Let o(r) = -312*r. What are the prime factors of o(-6)?
2, 3, 13
Let j be 1 + (62 - -3) - 4. Let d = j + -202. Let t = d - -203. List the prime factors of t.
3, 7
Let c(u) be the third derivative of 5*u**5/12 - 11*u**4/24 + 2*u**3/3 + 6*u**2. Let l be c(-8). List the prime factors of l/45 - 2/(-5).
2, 19
Suppose -4*r - 113 = -645. List the prime factors of r.
7, 19
List the prime factors of 6/(-10) - ((-123462)/45 + 4).
3, 11, 83
Let l(r) = -r**2 - 25*r - 12. Let w = 33 + -53. List the prime factors of l(w).
2, 11
Let i(h) = -2*h**2 + 12*h + 10. Let l be i(6). Let s(p) = -2*p**3 + 22*p**2 + 2*p - 2. List the prime factors of s(l).
2, 109
Suppose 8202 + 31845 = 7*d. List the prime factors of d.
3, 1907
Let x = -85 - -744. List the prime factors of x.
659
Let c = 3951 - 2649. What are the prime factors of c?
2, 3, 7, 31
Suppose 4*y + y - 85 = 0. Suppose 3*n - 241 = y. List the prime factors of n.
2, 43
Let j be (-32)/80 - 613/5. Let i = j + 209. List the prime factors of i.
2, 43
Let j = 143 + 528. Suppose m = -5*s + j, 2*s + m = -0*s + 266. List the prime factors of s.
3, 5
Let b = -2 - -49. Suppose 648 = -2*s - 34*s. List the prime factors of s/6 + 0 + b.
2, 11
Let j(b) = 3*b**3 + b. Let d be j(1). Let i be 4 + (-44)/10 - 639/15. Let f = d - i. What are the prime factors of f?
47
Let m = 9 + -10. Let x be m + (3 - (1 - 4)). Suppose 4*g - 107 = x. What are the prime factors of g?
2, 7
Let b(n) = 86*n**2 + 6*n + 12. What are the prime factors of b(-4)?
2, 11, 31
Suppose -60 = -5*m + 2*j, -4 = m + 3*j + 1. List the prime factors of (-1268)/(-10) + (-8)/m.
2, 3, 7
Let c(u) = 3*u - 2. Let o be c(2). Suppose -o*g = -2*g - 140. List the prime factors of g.
2, 5, 7
Let d(t) = -37*t + 25. Let j be d(-9). Let o = j - 67. What are the prime factors of o?
3, 97
What are the prime factors of 168 + 3/(-6)*(12 - 18)?
3, 19
Suppose 8213 = 13*v - 2031. List the prime factors of v.
2, 197
Let k(o) = 7*o**3 + 2*o**2 - 1. Let m be k(1). Suppose -i - 5 = -3*w, 3*w + w = i + m. Suppose -b + 22 = 4*s, 3*s = -3*b + 25 - i. List the prime factors of b.
2
Suppose 3*o = -380 + 3623. What are the prime factors of o?
23, 47
Let c(u) = 2*u**3 + 14*u**2 - 4*u + 9. Let n(x) = -x**2 + 1. Let g(o) = -c(o) - 3*n(o). What are the prime factors of g(-7)?
107
Let z(j) be the second derivative of -1/12*j**4 - 11/2*j**2 - 5*j - 10/3*j**3 + 0. List the prime factors of z(-17).
2, 5
Suppose 5*z - 1936 = 1279. What are the prime factors of z?
643
Let n = 15 - 16. Suppose 0 = 4*a - 0*a - 5*o - 6, -4*o = 8. What are the prime factors of a + 25 + 3*n?
3, 7
List the prime factors of (-6)/(-48)*-334*-4 - -3.
2, 5, 17
Suppose 31*v + 2 = 32*v. What are the prime factors of v/((-7 - -3)/(-148))?
2, 37
Let b(r) = r**3 + 6*r**2 - 3*r - 1. Let q(h) = 6*h - 2 - 9*h**2 + 4 + 1 + 10*h**2. Let w be q(-3). What are the prime factors of b(w)?
17
Suppose 3*u - 22 = -5*n, 5*u - 24 = -3*n + n. Let v = 5 - n. What are the prime factors of v?
3
Suppose 4*k = k - 5*b - 13, -4*k = 4*b + 4. Suppose k*i = i. Suppose i*x - 3*v = 3*x - 36, -4*x = -3*v - 20. What are the prime factors of x?
2
Let y = 573 - 378. What are the prime factors of y?
3, 5, 13
Suppose 3*h + 3 - 12 = 0. Suppose 3*y - 3*l - 108 = 0, h*y + 4*l = 69 + 4. Let q = y + -16. List the prime factors of q.
3, 5
Let b(g) = 15*g**2 + 4*g + 1. Let p be b(3). Suppose 5*t - 5*c - 42 = 138, -5*c = 3*t - p. Let v = t - 23. List the prime factors of v.
2, 3
Let y(h) be the first derivative of -h**2/2 + 21*h + 8. List the prime factors of y(6).
3, 5
Let g(b) = -196*b - 49. List the prime factors of g(-14).
5, 7, 11
Let d(o) = -o**2 + 25*o + 16. Let r(l) = -3*l**2 + 50*l + 32. Let w(t) = 7*d(t) - 3*r(t). List the prime factors of w(-15).
7, 13
Let j = 5 - -319. What are the prime factors of j?
2, 3
Let b(n) = -n**3 + 8*n**2 + 2*n + 6. Suppose a - 8 = -3*g + 14, 0 = 5*a + 4*g - 77. Suppose 0 = -3*u + 8 + a. List the prime factors of b(u).
3, 23
Let n(z) = -33*z + 93. Let l(r) = 33*r - 93. Let d(i) = -3*l(i) - 4*n(i). Let s(a) = 8*a - 23. Let x(b) = -2*d(b) + 9*s(b). What are the prime factors of x(15)?
3, 23
Let z = 434 - -76. Let l = 725 - z. List the prime factors of l.
5, 43
Let y = 127 - 149. Let j = y - -54. List the prime factors of j.
2
Let v = 2725 - -1098. List the prime factors of v.
3823
List the prime factors of (2/8)/(15/65220).
1087
Let b = -429 - -891. List the prime factors of b.
2, 3, 7, 11
List the prime factors of ((-10)/(-3))/((-10)/(-255) + 0).
5, 17
Suppose -22 + 0 = -2*o. Let a(l) = -o*l + 0*l - 11*l + 6*l. List the prime factors of a(-2).
2
Suppose -k - 15 = -5*u, -2*k + 7*u - 2*u - 10 = 0. Suppose 0 = k*o + 11 - 176. List the prime factors of o.
3, 11
Let f(q) be the third de